{"id":501,"date":"2026-02-19T05:26:24","date_gmt":"2026-02-19T05:26:24","guid":{"rendered":"https:\/\/quinro.com.mx\/wordpress\/contact\/"},"modified":"2026-02-25T05:19:43","modified_gmt":"2026-02-25T05:19:43","slug":"contact","status":"publish","type":"page","link":"https:\/\/quinro.com.mx\/wordpress\/contact\/","title":{"rendered":"CONTACTO"},"content":{"rendered":"<div data-spectra-id=\"ffc1542d\"\tstyle=\"overflow: visible; --spectra-background-color: #0b0b1c; --spectra-overlay-opacity: 0.81;\" class=\"spectra-is-root-container alignfull spectra-overlay-color spectra-overflow spectra-background-color spectra-dim-ratio wp-block-spectra-container\" data-orientation=\"vertical\"\t>\n\t\n\t<h1 data-spectra-id=\"spectra-bdd64c41-heading\" style=\"--spectra-text-color: #ffffff\" class=\"has-text-color spectra-text-color wp-block-spectra-content has-text-color has-ffffff-color\">\n\t\tCont\u00e1ctanos\t<\/h1>\n\n<\/div>\n\n\n<div data-spectra-id=\"7dc9cc23\"\tstyle=\"overflow: visible; --spectra-background-color: var(--ast-global-color-5);\" class=\"spectra-is-root-container alignfull spectra-overlay-color spectra-overflow spectra-background-color wp-block-spectra-container\" data-orientation=\"vertical\"\t>\n\t\n\t<h3 data-spectra-id=\"spectra-7631e7c5-prefix\" style=\"--spectra-text-color: var(--ast-global-color-0)\" class=\"has-text-color spectra-text-color wp-block-spectra-content has-text-color has-var-ast-global-color-0-color\">\n\t\tM\u00e1s cerca de lo que piensas\t<\/h3>\n\n\n\t<h2 data-spectra-id=\"spectra-7631e7c5-title\" class=\"wp-block-spectra-content\">\n\t\tUbicaci\u00f3n\t<\/h2>\n\n\n<div data-spectra-id=\"spectra-1b978b21-9447-473f-9f23-cbd775610a8e\" style=\"overflow: visible\" class=\"spectra-overlay-color spectra-overflow wp-block-spectra-container\" data-orientation=\"vertical\">\n\t\n<div data-spectra-id=\"spectra-70b4907f-f0bc-4ad6-8f88-4abd19cc778c\" style=\"overflow: visible\" class=\"spectra-overlay-color spectra-overflow wp-block-spectra-container\" data-orientation=\"vertical\">\n\t\n\t<h5 data-spectra-id=\"spectra-7c207517-c360-4b41-aac5-6fb066b68577\" class=\"wp-block-spectra-content\">\n\t\tDirecci\u00f3n:\t<\/h5>\n\n\n\t<p data-spectra-id=\"spectra-51dd3cde-91ec-4ec5-b6af-04932341beb2\" class=\"wp-block-spectra-content\">\n\t\tLa Hebrea 69, Col. Miguel Hidalgo<br>Tl\u00e1huac, Ciudad de M\u00e9xico<br>C.P. 13200 \t<\/p>\n\n\n\t<h4 data-spectra-id=\"spectra-3f386054-5bbc-47bf-92a3-2a69cee7e6d2\" class=\"wp-block-spectra-content\">\n\t\tT\u00e9lefono:\t<\/h4>\n\n\n\t<p data-spectra-id=\"spectra-5d714bcd-cfe2-4352-905c-9b6930bee78a\" style=\"--spectra-text-color: ast-global-color-7\" class=\"has-text-color has-link-color spectra-text-color  wp-elements-9e52a87224fc3f66e1fa488494baa69e wp-block-spectra-content has-text-color has-ast-global-color-7-color\">\n\t\t(55) 2160 0995 y (55) 2160 4760\t<\/p>\n\n\n\t<h4 data-spectra-id=\"spectra-f5349cbf-9f7c-48ad-a390-7e4b782c4ece\" class=\"wp-block-spectra-content\">\n\t\tE-mail:\t<\/h4>\n\n\n\t<p data-spectra-id=\"spectra-9d399ebf-449a-46f4-97b3-66f829c5b1d0\" class=\"wp-block-spectra-content\">\n\t\tventas@quinro.com.mx\t<\/p>\n\n<\/div>\n\n\n\n<iframe src=\"https:\/\/www.google.com\/maps\/embed?pb=!1m18!1m12!1m3!1d3765.702813383678!2d-99.0483389266245!3d19.295285845055442!2m3!1f0!2f0!3f0!3m2!1i1024!2i768!4f13.1!3m3!1m2!1s0x85ce02fd4d294ee7%3A0x957ae1b9dc5d804f!2sConductores%20El%C3%A9ctricos%20&#039;&#039;Quinro&#039;&#039;!5e0!3m2!1ses-419!2smx!4v1771640894103!5m2!1ses-419!2smx\" width=\"600\" height=\"450\" style=\"border:0\" allowfullscreen=\"\" loading=\"lazy\" referrerpolicy=\"no-referrer-when-downgrade\"><\/iframe>\n\n<\/div>\n\n\n\t<h3 data-spectra-id=\"spectra-9646157d-ce0d-407b-854b-a0545158c309\" style=\"--spectra-text-color: var(--ast-global-color-0)\" class=\"has-text-color spectra-text-color wp-block-spectra-content has-text-color has-var-ast-global-color-0-color\">\n\t\t\u00bfNecesitas pedir informaci\u00f3n?\t<\/h3>\n\n\n\t<h2 data-spectra-id=\"spectra-20a0d767-173e-4217-ad94-f24c6ca12c4c\" class=\"wp-block-spectra-content\">\n\t\tHorarios de Atenci\u00f3n\t<\/h2>\n\n\n\t<p data-spectra-id=\"spectra-mlvplz4f-1tr8zx\" class=\"wp-block-spectra-content\">\n\t\tNuestro horario de atenci\u00f3n es de lunes a viernes en horario laboral de 8:00 a.m. a 6:00 p.m., para atenci\u00f3n t\u00e9cnica especializada, recomendamos agendar previamente.\t<\/p>\n\n<\/div>\n","protected":false},"excerpt":{"rendered":"","protected":false},"author":2,"featured_media":0,"parent":0,"menu_order":0,"comment_status":"closed","ping_status":"closed","template":"","meta":{"_uag_custom_page_level_css":"","site-sidebar-layout":"no-sidebar","site-content-layout":"plain-container","ast-site-content-layout":"normal-width-container","site-content-style":"unboxed","site-sidebar-style":"unboxed","ast-global-header-display":"","ast-banner-title-visibility":"","ast-main-header-display":"","ast-hfb-above-header-display":"","ast-hfb-below-header-display":"","ast-hfb-mobile-header-display":"","site-post-title":"disabled","ast-breadcrumbs-content":"","ast-featured-img":"disabled","footer-sml-layout":"","ast-disable-related-posts":"","theme-transparent-header-meta":"enabled","adv-header-id-meta":"","stick-header-meta":"","header-above-stick-meta":"","header-main-stick-meta":"","header-below-stick-meta":"","astra-migrate-meta-layouts":"set","ast-page-background-enabled":"default","ast-page-background-meta":{"desktop":{"background-color":"var(--ast-global-color-4)","background-image":"","background-repeat":"repeat","background-position":"center center","background-size":"auto","background-attachment":"scroll","background-type":"","background-media":"","overlay-type":"","overlay-color":"","overlay-opacity":"","overlay-gradient":""},"tablet":{"background-color":"","background-image":"","background-repeat":"repeat","background-position":"center center","background-size":"auto","background-attachment":"scroll","background-type":"","background-media":"","overlay-type":"","overlay-color":"","overlay-opacity":"","overlay-gradient":""},"mobile":{"background-color":"","background-image":"","background-repeat":"repeat","background-position":"center center","background-size":"auto","background-attachment":"scroll","background-type":"","background-media":"","overlay-type":"","overlay-color":"","overlay-opacity":"","overlay-gradient":""}},"ast-content-background-meta":{"desktop":{"background-color":"var(--ast-global-color-5)","background-image":"","background-repeat":"repeat","background-position":"center center","background-size":"auto","background-attachment":"scroll","background-type":"","background-media":"","overlay-type":"","overlay-color":"","overlay-opacity":"","overlay-gradient":""},"tablet":{"background-color":"var(--ast-global-color-5)","background-image":"","background-repeat":"repeat","background-position":"center center","background-size":"auto","background-attachment":"scroll","background-type":"","background-media":"","overlay-type":"","overlay-color":"","overlay-opacity":"","overlay-gradient":""},"mobile":{"background-color":"var(--ast-global-color-5)","background-image":"","background-repeat":"repeat","background-position":"center center","background-size":"auto","background-attachment":"scroll","background-type":"","background-media":"","overlay-type":"","overlay-color":"","overlay-opacity":"","overlay-gradient":""}},"footnotes":""},"class_list":["post-501","page","type-page","status-publish","hentry"],"uagb_featured_image_src":{"full":false,"thumbnail":false,"medium":false,"medium_large":false,"large":false,"1536x1536":false,"2048x2048":false},"uagb_author_info":{"display_name":"Regina Monroy","author_link":"https:\/\/quinro.com.mx\/wordpress\/author\/regina_admin\/"},"uagb_comment_info":0,"uagb_excerpt":null,"_links":{"self":[{"href":"https:\/\/quinro.com.mx\/wordpress\/wp-json\/wp\/v2\/pages\/501","targetHints":{"allow":["GET"]}}],"collection":[{"href":"https:\/\/quinro.com.mx\/wordpress\/wp-json\/wp\/v2\/pages"}],"about":[{"href":"https:\/\/quinro.com.mx\/wordpress\/wp-json\/wp\/v2\/types\/page"}],"author":[{"embeddable":true,"href":"https:\/\/quinro.com.mx\/wordpress\/wp-json\/wp\/v2\/users\/2"}],"replies":[{"embeddable":true,"href":"https:\/\/quinro.com.mx\/wordpress\/wp-json\/wp\/v2\/comments?post=501"}],"version-history":[{"count":11,"href":"https:\/\/quinro.com.mx\/wordpress\/wp-json\/wp\/v2\/pages\/501\/revisions"}],"predecessor-version":[{"id":2544,"href":"https:\/\/quinro.com.mx\/wordpress\/wp-json\/wp\/v2\/pages\/501\/revisions\/2544"}],"wp:attachment":[{"href":"https:\/\/quinro.com.mx\/wordpress\/wp-json\/wp\/v2\/media?parent=501"}],"curies":[{"name":"wp","href":"https:\/\/api.w.org\/{rel}","templated":true}]}}